{"id":61,"date":"2026-03-17T14:49:49","date_gmt":"2026-03-17T13:49:49","guid":{"rendered":"http:\/\/localhost\/portfolio\/?page_id=61"},"modified":"2026-03-31T15:25:34","modified_gmt":"2026-03-31T13:25:34","slug":"presentation-de-la-dge-et-du-poste-occupe","status":"publish","type":"page","link":"https:\/\/portfoliosionoahrb.com\/?page_id=61","title":{"rendered":"pr\u00e9sentation de la dge et du poste occup\u00e9"},"content":{"rendered":"\n<h1 class=\"wp-block-heading\" style=\"font-size:clamp(21.536px, 1.346rem + ((1vw - 3.2px) * 1.052), 35px);\">Pr\u00e9sentation de la dge et du poste occup\u00e9<\/h1>\n\n\n\n<div class=\"wp-block-uagb-container uagb-block-4f3498c9 alignfull uagb-is-root-container\"><div class=\"uagb-container-inner-blocks-wrap\">\n<div class=\"wp-block-uagb-container uagb-block-3895a736\">\n<h2 class=\"wp-block-heading\" style=\"font-size:clamp(16.293px, 1.018rem + ((1vw - 3.2px) * 0.68), 25px);\">Qu&rsquo;est ce que la dge ?<\/h2>\n\n\n\n<p>La DGE (Direction G\u00e9n\u00e9rale des Entreprises) est une direction du Minist\u00e8re de l&rsquo;\u00c9conomie, des Finances et de la Souverainet\u00e9 industrielle et num\u00e9rique qui con\u00e7oit, met en \u0153uvre et \u00e9value les politiques publiques destin\u00e9es \u00e0 favoriser la cr\u00e9ation, la comp\u00e9titivit\u00e9, l\u2019innovation et le d\u00e9veloppement des entreprises en France \u2014 qu\u2019il s\u2019agisse d\u2019industrie, de commerce, de services, de num\u00e9rique, d\u2019artisanat ou de tourisme. Elle agit \u00e9galement pour accompagner les transitions \u00e9conomiques majeures, notamment la transformation num\u00e9rique et \u00e9cologique de l\u2019\u00e9conomie.<\/p>\n\n\n\n<div class=\"wp-block-buttons is-content-justification-center is-layout-flex wp-container-core-buttons-is-layout-a89b3969 wp-block-buttons-is-layout-flex\">\n<div class=\"wp-block-button\"><a class=\"wp-block-button__link has-palette-color-8-color has-palette-color-3-background-color has-text-color has-background has-link-color wp-element-button\" href=\"https:\/\/www.entreprises.gouv.fr\" target=\"_blank\" rel=\"noreferrer noopener\">Site de l&rsquo;entreprise<\/a><\/div>\n<\/div>\n<\/div>\n\n\n\n<div class=\"wp-block-uagb-container uagb-block-89a1a00d\">\n<figure class=\"wp-block-image aligncenter size-large is-resized\"><img loading=\"lazy\" decoding=\"async\" width=\"1024\" height=\"768\" src=\"http:\/\/portfoliosionoahrb.com\/wp-content\/uploads\/2026\/03\/20200903_BercyvuedelaSeine_2-\u00a9BercyPhoto-CeliaBonnin-1024x768.webp\" alt=\"\" class=\"wp-image-102\" style=\"width:505px;height:auto\" srcset=\"https:\/\/portfoliosionoahrb.com\/wp-content\/uploads\/2026\/03\/20200903_BercyvuedelaSeine_2-\u00a9BercyPhoto-CeliaBonnin-1024x768.webp 1024w, https:\/\/portfoliosionoahrb.com\/wp-content\/uploads\/2026\/03\/20200903_BercyvuedelaSeine_2-\u00a9BercyPhoto-CeliaBonnin-300x225.webp 300w, https:\/\/portfoliosionoahrb.com\/wp-content\/uploads\/2026\/03\/20200903_BercyvuedelaSeine_2-\u00a9BercyPhoto-CeliaBonnin-768x576.webp 768w, https:\/\/portfoliosionoahrb.com\/wp-content\/uploads\/2026\/03\/20200903_BercyvuedelaSeine_2-\u00a9BercyPhoto-CeliaBonnin-1536x1152.webp 1536w, https:\/\/portfoliosionoahrb.com\/wp-content\/uploads\/2026\/03\/20200903_BercyvuedelaSeine_2-\u00a9BercyPhoto-CeliaBonnin-2048x1536.webp 2048w\" sizes=\"auto, (max-width: 1024px) 100vw, 1024px\" \/><\/figure>\n<\/div>\n<\/div><\/div>\n\n\n\n<div class=\"wp-block-uagb-container uagb-block-295857d6 alignfull uagb-is-root-container\"><div class=\"uagb-container-inner-blocks-wrap\">\n<div class=\"wp-block-uagb-container uagb-block-602f8073\">\n<h2 class=\"wp-block-heading has-text-align-center\" style=\"font-size:clamp(16.293px, 1.018rem + ((1vw - 3.2px) * 0.68), 25px);\">Les principales missions du technicien support de proximit\u00e9<\/h2>\n\n\n\n<p>Le technicien informatique de proximit\u00e9 \u00e0 pour mission accompagner les agents et les projets de la DGE, dans le domaine de l\u2019assistance et de la communication aux utilisateurs. En terme de savoir-faire, voici ce dont il est capable de faire :<\/p>\n\n\n\n<ul class=\"wp-block-list\">\n<li>installation et d\u00e9pannage des postes de travail \/ p\u00e9riph\u00e9riques<\/li>\n\n\n\n<li>assistance et conseils aux utilisateurs<\/li>\n\n\n\n<li>suivi du parc et des services informatiques directionnels<\/li>\n\n\n\n<li>formalisation et suivi des proc\u00e9dures informatiques<\/li>\n\n\n\n<li>mise en \u0153uvre des mesures de s\u00e9curit\u00e9 num\u00e9rique minist\u00e9rielles<\/li>\n<\/ul>\n\n\n\n<p>Ses comp\u00e9tences \u00e0 maitriser sont les suivantes :<\/p>\n\n\n\n<ul class=\"wp-block-list\">\n<li>Windows 11<\/li>\n\n\n\n<li>suites bureautiques Office 2021 et Outlook 2021<\/li>\n\n\n\n<li>informatique g\u00e9n\u00e9rale<\/li>\n\n\n\n<li>gestion des solutions d\u2019impression<\/li>\n<\/ul>\n<\/div>\n\n\n\n<div class=\"wp-block-uagb-container uagb-block-a7ce4dd5\">\n<figure class=\"wp-block-image size-full\"><img loading=\"lazy\" decoding=\"async\" width=\"1000\" height=\"563\" src=\"http:\/\/portfoliosionoahrb.com\/wp-content\/uploads\/2026\/03\/technicien-support-informatique.jpg\" alt=\"\" class=\"wp-image-106\" srcset=\"https:\/\/portfoliosionoahrb.com\/wp-content\/uploads\/2026\/03\/technicien-support-informatique.jpg 1000w, https:\/\/portfoliosionoahrb.com\/wp-content\/uploads\/2026\/03\/technicien-support-informatique-300x169.jpg 300w, https:\/\/portfoliosionoahrb.com\/wp-content\/uploads\/2026\/03\/technicien-support-informatique-768x432.jpg 768w\" sizes=\"auto, (max-width: 1000px) 100vw, 1000px\" \/><\/figure>\n<\/div>\n<\/div><\/div>\n\n\n\n<p><\/p>\n","protected":false},"excerpt":{"rendered":"<p>Pr\u00e9sentation de la dge et du poste occup\u00e9 Qu&rsquo;est ce que la dge ? La DGE (Direction G\u00e9n\u00e9rale des Entreprises) est une direction du Minist\u00e8re de l&rsquo;\u00c9conomie, des Finances et de la Souverainet\u00e9 industrielle et num\u00e9rique qui con\u00e7oit, met en \u0153uvre et \u00e9value les politiques publiques destin\u00e9es \u00e0 favoriser la cr\u00e9ation, la comp\u00e9titivit\u00e9, l\u2019innovation et [&hellip;]<\/p>\n","protected":false},"author":1,"featured_media":0,"parent":0,"menu_order":0,"comment_status":"closed","ping_status":"closed","template":"","meta":{"_uag_custom_page_level_css":"","footnotes":""},"class_list":["post-61","page","type-page","status-publish","hentry"],"blocksy_meta":[],"uagb_featured_image_src":{"full":false,"thumbnail":false,"medium":false,"medium_large":false,"large":false,"1536x1536":false,"2048x2048":false},"uagb_author_info":{"display_name":"@texas_carter","author_link":"https:\/\/portfoliosionoahrb.com\/?author=1"},"uagb_comment_info":0,"uagb_excerpt":"Pr\u00e9sentation de la dge et du poste occup\u00e9 Qu&rsquo;est ce que la dge ? La DGE (Direction G\u00e9n\u00e9rale des Entreprises) est une direction du Minist\u00e8re de l&rsquo;\u00c9conomie, des Finances et de la Souverainet\u00e9 industrielle et num\u00e9rique qui con\u00e7oit, met en \u0153uvre et \u00e9value les politiques publiques destin\u00e9es \u00e0 favoriser la cr\u00e9ation, la comp\u00e9titivit\u00e9, l\u2019innovation et\u2026","_links":{"self":[{"href":"https:\/\/portfoliosionoahrb.com\/index.php?rest_route=\/wp\/v2\/pages\/61","targetHints":{"allow":["GET"]}}],"collection":[{"href":"https:\/\/portfoliosionoahrb.com\/index.php?rest_route=\/wp\/v2\/pages"}],"about":[{"href":"https:\/\/portfoliosionoahrb.com\/index.php?rest_route=\/wp\/v2\/types\/page"}],"author":[{"embeddable":true,"href":"https:\/\/portfoliosionoahrb.com\/index.php?rest_route=\/wp\/v2\/users\/1"}],"replies":[{"embeddable":true,"href":"https:\/\/portfoliosionoahrb.com\/index.php?rest_route=%2Fwp%2Fv2%2Fcomments&post=61"}],"version-history":[{"count":8,"href":"https:\/\/portfoliosionoahrb.com\/index.php?rest_route=\/wp\/v2\/pages\/61\/revisions"}],"predecessor-version":[{"id":571,"href":"https:\/\/portfoliosionoahrb.com\/index.php?rest_route=\/wp\/v2\/pages\/61\/revisions\/571"}],"wp:attachment":[{"href":"https:\/\/portfoliosionoahrb.com\/index.php?rest_route=%2Fwp%2Fv2%2Fmedia&parent=61"}],"curies":[{"name":"wp","href":"https:\/\/api.w.org\/{rel}","templated":true}]}}