{"id":18,"date":"2026-03-16T13:52:09","date_gmt":"2026-03-16T12:52:09","guid":{"rendered":"http:\/\/localhost\/portfolio\/?page_id=18"},"modified":"2026-03-31T11:38:24","modified_gmt":"2026-03-31T09:38:24","slug":"fiches-missions","status":"publish","type":"page","link":"https:\/\/portfoliosionoahrb.com\/?page_id=18","title":{"rendered":"FICHES MISSIONS"},"content":{"rendered":"\n<h2 class=\"wp-block-heading\">missions en entreprise<\/h2>\n\n\n\n<p>Pr\u00e9sentation &amp; mise en contexte des missions r\u00e9alis\u00e9es en entreprise<\/p>\n\n\n\n<div class=\"wp-block-uagb-container uagb-block-648eac1e alignfull uagb-is-root-container\"><div class=\"uagb-container-inner-blocks-wrap\">\n<div class=\"wp-block-uagb-container uagb-block-e682c73d\">\n<div class=\"wp-block-buttons is-content-justification-center is-layout-flex wp-container-core-buttons-is-layout-a89b3969 wp-block-buttons-is-layout-flex\">\n<div class=\"wp-block-button\"><a class=\"wp-block-button__link has-palette-color-3-background-color has-background wp-element-button\" href=\"http:\/\/portfoliosionoahrb.com\/wp-content\/uploads\/2026\/03\/Fiche-mission-entreprise-\u2013-Preparation-dun-Player-sous-Wind.pdf\" target=\"_blank\" rel=\"noreferrer noopener\">Mission 1 &#8211; Masterisation de mini pc<\/a><\/div>\n<\/div>\n<\/div>\n\n\n\n<div class=\"wp-block-uagb-container uagb-block-150fc15a\">\n<div class=\"wp-block-buttons is-content-justification-center is-layout-flex wp-container-core-buttons-is-layout-a89b3969 wp-block-buttons-is-layout-flex\">\n<div class=\"wp-block-button\"><a class=\"wp-block-button__link has-palette-color-3-background-color has-background has-text-align-center wp-element-button\" href=\"http:\/\/portfoliosionoahrb.com\/wp-content\/uploads\/2026\/03\/Fiche-mission-2-entreprise-preparation-dun-telephone-professionnel-2.pdf\" target=\"_blank\" rel=\"noreferrer noopener\">Mission 2 &#8211; Personnalisation d&rsquo;un t\u00e9l\u00e9phone professionnel<\/a><\/div>\n<\/div>\n<\/div>\n<\/div><\/div>\n\n\n\n<h2 class=\"wp-block-heading\">missions \u00e0 l&rsquo;\u00e9cole<\/h2>\n\n\n\n<p>Pr\u00e9sentation &amp; mise en contexte des missions r\u00e9alis\u00e9es \u00e0 l&rsquo;\u00e9cole<\/p>\n\n\n\n<div class=\"wp-block-uagb-container uagb-block-75d6e265 alignfull uagb-is-root-container\"><div class=\"uagb-container-inner-blocks-wrap\">\n<div class=\"wp-block-uagb-container uagb-block-f7007b5b\">\n<div class=\"wp-block-buttons is-content-justification-center is-layout-flex wp-container-core-buttons-is-layout-a89b3969 wp-block-buttons-is-layout-flex\">\n<div class=\"wp-block-button\"><a class=\"wp-block-button__link has-palette-color-3-background-color has-background wp-element-button\" href=\"http:\/\/portfoliosionoahrb.com\/wp-content\/uploads\/2026\/03\/Fiche-mission-ecole-installation-de-lArchive-Directory-et-mise-en-place-dune-GPO-.pdf\" target=\"_blank\" rel=\"noreferrer noopener\">Mission 1 &#8211; <strong>Installation de&nbsp;l\u2019Archive Directory et mise en place d\u2019une GPO<\/strong><\/a><\/div>\n<\/div>\n<\/div>\n<\/div><\/div>\n\n\n\n<p><\/p>\n","protected":false},"excerpt":{"rendered":"<p>missions en entreprise Pr\u00e9sentation &amp; mise en contexte des missions r\u00e9alis\u00e9es en entreprise missions \u00e0 l&rsquo;\u00e9cole Pr\u00e9sentation &amp; mise en contexte des missions r\u00e9alis\u00e9es \u00e0 l&rsquo;\u00e9cole<\/p>\n","protected":false},"author":1,"featured_media":0,"parent":0,"menu_order":0,"comment_status":"closed","ping_status":"closed","template":"","meta":{"_uag_custom_page_level_css":"","footnotes":""},"class_list":["post-18","page","type-page","status-publish","hentry"],"blocksy_meta":[],"uagb_featured_image_src":{"full":false,"thumbnail":false,"medium":false,"medium_large":false,"large":false,"1536x1536":false,"2048x2048":false},"uagb_author_info":{"display_name":"@texas_carter","author_link":"https:\/\/portfoliosionoahrb.com\/?author=1"},"uagb_comment_info":0,"uagb_excerpt":"missions en entreprise Pr\u00e9sentation &amp; mise en contexte des missions r\u00e9alis\u00e9es en entreprise missions \u00e0 l&rsquo;\u00e9cole Pr\u00e9sentation &amp; mise en contexte des missions r\u00e9alis\u00e9es \u00e0 l&rsquo;\u00e9cole","_links":{"self":[{"href":"https:\/\/portfoliosionoahrb.com\/index.php?rest_route=\/wp\/v2\/pages\/18","targetHints":{"allow":["GET"]}}],"collection":[{"href":"https:\/\/portfoliosionoahrb.com\/index.php?rest_route=\/wp\/v2\/pages"}],"about":[{"href":"https:\/\/portfoliosionoahrb.com\/index.php?rest_route=\/wp\/v2\/types\/page"}],"author":[{"embeddable":true,"href":"https:\/\/portfoliosionoahrb.com\/index.php?rest_route=\/wp\/v2\/users\/1"}],"replies":[{"embeddable":true,"href":"https:\/\/portfoliosionoahrb.com\/index.php?rest_route=%2Fwp%2Fv2%2Fcomments&post=18"}],"version-history":[{"count":11,"href":"https:\/\/portfoliosionoahrb.com\/index.php?rest_route=\/wp\/v2\/pages\/18\/revisions"}],"predecessor-version":[{"id":552,"href":"https:\/\/portfoliosionoahrb.com\/index.php?rest_route=\/wp\/v2\/pages\/18\/revisions\/552"}],"wp:attachment":[{"href":"https:\/\/portfoliosionoahrb.com\/index.php?rest_route=%2Fwp%2Fv2%2Fmedia&parent=18"}],"curies":[{"name":"wp","href":"https:\/\/api.w.org\/{rel}","templated":true}]}}